igit of 793?
7
What is the tens digit of 127463?
6
What is the units digit of 13424?
4
What is the hundred thousands digit of 121422?
1
What is the units digit of 11646?
6
What is the hundreds digit of 710?
7
What is the units digit of 95974?
4
What is the hundreds digit of 1956?
9
What is the thousands digit of 17858?
7
What is the hundreds digit of 9069?
0
What is the units digit of 7562?
2
What is the hundreds digit of 56229?
2
What is the thousands digit of 9727?
9
What is the thousands digit of 2931?
2
What is the thousands digit of 1358?
1
What is the thousands digit of 20102?
0
What is the hundreds digit of 206?
2
What is the thousands digit of 7401?
7
What is the hundreds digit of 33711?
7
What is the thousands digit of 1577?
1
What is the hundreds digit of 9760?
7
What is the thousands digit of 8147?
8
What is the units digit of 88469?
9
What is the tens digit of 604?
0
What is the tens digit of 270?
7
What is the thousands digit of 1046?
1
What is the tens digit of 834?
3
What is the hundreds digit of 11416?
4
What is the units digit of 157?
7
What is the units digit of 4764?
4
What is the hundreds digit of 3669?
6
What is the thousands digit of 14593?
4
What is the tens digit of 9617?
1
What is the ten thousands digit of 85115?
8
What is the hundreds digit of 677?
6
What is the hundreds digit of 1505?
5
What is the tens digit of 19439?
3
What is the ten thousands digit of 14594?
1
What is the units digit of 1220?
0
What is the hundreds digit of 8593?
5
What is the units digit of 461?
1
What is the ten thousands digit of 30521?
3
What is the tens digit of 1079?
7
What is the thousands digit of 126455?
6
What is the tens digit of 668?
6
What is the ten thousands digit of 47823?
4
What is the hundreds digit of 8479?
4
What is the units digit of 11856?
6
What is the tens digit of 25414?
1
What is the ten thousands digit of 13525?
1
What is the hundreds digit of 9097?
0
What is the tens digit of 2386?
8
What is the tens digit of 17937?
3
What is the hundreds digit of 671?
6
What is the units digit of 699?
9
What is the tens digit of 1273?
7
What is the tens digit of 24924?
2
What is the thousands digit of 108930?
8
What is the hundreds digit of 550?
5
What is the units digit of 4394?
4
What is the hundreds digit of 4446?
4
What is the tens digit of 25658?
5
What is the thousands digit of 2158?
2
What is the tens digit of 1869?
6
What is the hundreds digit of 1013?
0
What is the units digit of 39102?
2
What is the units digit of 829?
9
What is the units digit of 88151?
1
What is the units digit of 9576?
6
What is the hundreds digit of 51720?
7
What is the units digit of 77546?
6
What is the hundreds digit of 1108?
1
What is the tens digit of 9405?
0
What is the tens digit of 20052?
5
What is the units digit of 163391?
1
What is the units digit of 81020?
0
What is the hundreds digit of 2429?
4
What is the thousands digit of 2088?
2
What is the hundreds digit of 11120?
1
What is the units digit of 8936?
6
What is the thousands digit of 23858?
3
What is the hundreds digit of 3323?
3
What is the units digit of 2213?
3
What is the thousands digit of 2283?
2
What is the tens digit of 2206?
0
What is the units digit of 56830?
0
What is the hundreds digit of 727?
7
What is the hundreds digit of 2195?
1
What is the hundreds digit of 2025?
0
What is the tens digit of 11169?
6
What is the hundreds digit of 2001?
0
What is the thousands digit of 17603?
7
What is the hundreds digit of 2955?
9
What is the tens digit of 1092?
9
What is the tens digit of 2008?
0
What is the hundreds digit of 774?
7
What is the thousands digit of 1005?
1
What is the ten thousands digit of 48796?
4
What is the tens digit of 3047?
4
What is the hundreds digit of 8744?
7
What is the tens digit of 887?
8
What is the hundreds digit of 14379?
3
What is the hundreds digit of 804?
8
What is the units digit of 3689?
9
What is the thousands digit of 5750?
5
What is the units digit of 565?
5
What is the hundreds digit of 4762?
7
What is the units digit of 6036?
6
What is the units digit of 125?
5
What is the thousands digit of 6802?
6
What is the units digit of 2738?
8
What is the tens digit of 24714?
1
What is the hundreds digit of 7281?
2
What is the hundreds digit of 546?
5
What is the units digit of 546?
6
What is the units digit of 1417?
7
What is the units digit of 129?
9
What is the units digit of 2622?
2
What is the units digit of 80650?
0
What is the hundreds digit of 4097?
0
What is the tens digit of 39592?
9
What is the hundreds digit of 7188?
1
What is the tens digit of 85?
8
What is the tens digit of 2538?
3
What is the hundreds digit of 7975?
9
What is the tens digit of 182973?
7
What is the units digit of 308?
8
What is the tens digit of 9023?
2
What is the units digit of 809?
9
What is the units digit of 1096?
6
What is the ten thousands digit of 20611?
2
What is the units digit of 39786?
6
What is the ten thousands digit of 10827?
1
What is the hundreds digit of 8876?
8
What is the ten thousands digit of 64883?
6
What is the ten thousands digit of 16583?
1
What is the thousands digit of 2204?
2
What is the hundreds digit of 3850?
8
What is the hundreds digit of 25944?
9
What is the hundreds digit of 6097?
0
What is the ten thousands digit of 19441?
1
What is the tens digit of 12885?
8
What is the units digit of 298?
8
What is the tens digit of 131?
3
What is the tens digit of 1467?
6
What is the tens digit of 216?
1
What is the tens digit of 388?
8
What is the units digit of 200?
0
What is the hundreds digit of 24293?
2
What is the tens digit of 14168?
6
What is the tens digit of 26488?
8
What is the units digit of 17710?
0
What is the units digit of 644?
4
What is the hundreds digit of 32348?
3
What is the hundreds digit of 2835?
8
What is the hundreds digit of 34789?
7
What is the thousands digit of 16309?
6
What is the hundreds digit of 163?
1
What is the thousands digit of 3075?
3
What is the hundreds digit of 18698?
6
What is the tens digit of 657?
5
What is the units digit of 275?
5
What is the hundreds digit of 4681?
6
What is the tens digit of 5824?
2
What is the ten thousands digit of 37925?
3
What is the hundreds digit of 1380?
3
What is the units digit of 49584?
4
What is the units digit of 3394?
4
What is the hundreds digit of 847?
8
What is the thousands digit of 1035?
1
What is the tens digit of 8405?
0
What is the hundreds digit of 1158?
1
What is the hundreds digit of 58280?
2
What is the tens digit of 12354?
5
What is the ten thousands digit of 11225?
1
What is the units digit of 3178?
8
What is the hundreds digit of 84995?
9
What is the tens digit of 3364?
6
What is the ten thousands digit of 38143?
3
What is the hundreds digit of 1096?
0
What is the units digit of 1384?
4
What is the units digit of 122834?
4
What is the units digit of 14434?
4
What is the tens digit of 549?
4
What is the tens digit of 367?
6
What is the tens digit of 110665?
6
What is the units digit of 89?
9
What is the hundreds digit of 7598?
5
What is the units digit of 976?
6
What is the thousands digit of 34214?
4
What is the tens digit of 4608?
0
What is the tens digit of 144399?
9
What is the tens digit of 84501?
0
What is the tens digit of 12464?
6
What is the thousands digit of 68555?
8
What is the units digit of 22345?
5
What is the hundreds digit of 5767?
7
What is the units digit of 2197?
7
What is the hundreds digit of 246?
2
What is the tens digit of 891?
9
What is the units digit of 486?
6
What is the hundreds digit of 747?
7
What is the hundreds digit of 7046?
0
What is the hundreds digit of 10738?
7
What is the hundreds digit of 984?
9
What is the thousands digit of 4845?
4
What is the thousands digit of 15460?
5
What is the hundreds digit of 4032?
0
What is the thousands digit of 16358?
6
What is the hundreds digit of 81026?
0
What is the thousands digit of 31333?
1
What is the units digit of 6759?
9
What is the thousands digit of 1015?
1
What is the thousands digit of 26220?
6
What is the thousands digit of 9231?
9
What is the thousands digit of 7085?
7
What is the tens digit of 80102?
0
What is the units digit of 189?
9
What is the units digit of 87758?
8
What is the hundred thousands digit of 111189?
1
What is the units digit of 1015?
5
What is the thousa